{"id":72,"date":"2014-03-24T11:26:25","date_gmt":"2014-03-24T11:26:25","guid":{"rendered":"http:\/\/aquatekdive.fr\/?page_id=72"},"modified":"2014-04-03T17:50:30","modified_gmt":"2014-04-03T17:50:30","slug":"cours-de-plongee-marseille-niveau-1-2-3","status":"publish","type":"page","link":"http:\/\/aquatekdive.fr\/?page_id=72","title":{"rendered":"Niveau 1 2 3"},"content":{"rendered":"<h2><span style=\"color: #ff6600;\">Les cours de plong\u00e9e niveau 1 2 3 \u00e0 Marseille vont vous permettre progressivement de suivre des cours de plong\u00e9e TEK.<\/span><\/h2>\n<p><a href=\"http:\/\/aquatekdive.fr\/wp-content\/uploads\/2014\/03\/DSCF1707.jpg\"><img loading=\"lazy\" decoding=\"async\" class=\"alignnone size-medium wp-image-27\" alt=\"DSCF1707\" src=\"http:\/\/aquatekdive.fr\/wp-content\/uploads\/2014\/03\/DSCF1707-300x200.jpg\" width=\"300\" height=\"200\" srcset=\"http:\/\/aquatekdive.fr\/wp-content\/uploads\/2014\/03\/DSCF1707-300x200.jpg 300w, http:\/\/aquatekdive.fr\/wp-content\/uploads\/2014\/03\/DSCF1707-1024x685.jpg 1024w, http:\/\/aquatekdive.fr\/wp-content\/uploads\/2014\/03\/DSCF1707.jpg 1148w\" sizes=\"auto, (max-width: 300px) 100vw, 300px\" \/><\/a><\/p>\n<p>Pour tirer vraiment profit d&rsquo;un cours de plong\u00e9e TEK \u00e0 Marseille, vous devez d&rsquo;abord passer le niveau 1 de plong\u00e9e, le niveau 2 de plong\u00e9e et le niveau 3 de plong\u00e9e. Ces cours de plong\u00e9e \u00e0 Marseille sont dispens\u00e9s par l&rsquo;\u00e9cole de plong\u00e9e\u00a0 Aquadomia sur le site Aquadomia.com<\/p>\n<p><img loading=\"lazy\" decoding=\"async\" class=\"alignnone size-full wp-image-47\" alt=\"newlogoaquadomia\" src=\"http:\/\/aquatekdive.fr\/wp-content\/uploads\/2014\/03\/newlogoaquadomia.jpg\" width=\"180\" height=\"180\" srcset=\"http:\/\/aquatekdive.fr\/wp-content\/uploads\/2014\/03\/newlogoaquadomia.jpg 180w, http:\/\/aquatekdive.fr\/wp-content\/uploads\/2014\/03\/newlogoaquadomia-150x150.jpg 150w\" sizes=\"auto, (max-width: 180px) 100vw, 180px\" \/><\/p>\n<p>Aquadomia propose une formule originale intensive qui va vous permettre en un seul cours de plong\u00e9e de 4 semaines minimum de passer vos 3 niveaux de plong\u00e9e \u00e0 Marseille : le niveau 1 de plong\u00e9e, le niveau 2 de plong\u00e9e, le niveau 3 de plong\u00e9e !<\/p>\n<p>Le cours de plong\u00e9e niveau 1 de plong\u00e9e va vous apprendre \u00e0 \u00e9voluer encadr\u00e9 en groupe de 4 maxi avec un guide de palanqu\u00e9e jusqu&rsquo;\u00e0 20 m\u00e8tres.<\/p>\n<p>Lors de votre formation niveau 2 de plong\u00e9e \u00e0 Marseille, vous allez apprendre \u00e0 plonger en autonomie jusque 20 m\u00e8tres en bin\u00f4me ou trin\u00f4me sous supervision d&rsquo;un directeur de plong\u00e9e. Lors de la formation niveau 2 de plong\u00e9e, vous apprendrez \u00e9galement \u00e0 plonger encadr\u00e9 par un guide jusque 40 m\u00e8tres, ce qui est facile \u00e0 mettre en oeuvre sur les sites de plong\u00e9e \u00e0 Marseille qui descendent facilement \u00e0 ces profondeurs.<\/p>\n<p>Le passage du niveau 3 de plong\u00e9e \u00e0 Marseille va vous apprendre l&rsquo;autonomie totale en bin\u00f4me ou trin\u00f4me jusqu&rsquo;aux limites de la plong\u00e9e \u00e0 l&rsquo;air, \u00e0 savoir jusque la profondeur de 60 m\u00e8tres !<\/p>\n<p>Une fois pass\u00e9s ces 3 niveaux de plong\u00e9e \u00e0 Marseille, vous pourrez tirer tous les avantages de votre niveau de plong\u00e9e en prolongeant votre apprentissage par un niveau de plong\u00e9e TEK. En effet, le passage d&rsquo;un niveau de plong\u00e9e TEK \u00e0 Marseille vous permet de repousser les limites de profondeur ou d&rsquo;autonomie avec le double objectif de plaisir maximis\u00e9 et de s\u00e9curit\u00e9 renforc\u00e9e.<\/p>\n<p>Pour vous inscrire \u00e0\u00a0 votre stage intensif pour passer votre niveau de plong\u00e9e 1 2 3 rendez-vous sur le site Aquadomia.com<\/p>\n<p>&nbsp;<\/p>\n","protected":false},"excerpt":{"rendered":"<p>Les cours de plong\u00e9e niveau 1 2 3 \u00e0 Marseille vont vous permettre progressivement de suivre des cours de plong\u00e9e TEK. Pour tirer vraiment profit d&rsquo;un cours de plong\u00e9e TEK \u00e0 Marseille, vous devez d&rsquo;abord passer le niveau 1 de &hellip; <a class=\"more-link\" href=\"http:\/\/aquatekdive.fr\/?page_id=72\">Lire la suite <span class=\"meta-nav\">&rarr;<\/span><\/a><\/p>\n","protected":false},"author":1,"featured_media":0,"parent":0,"menu_order":0,"comment_status":"closed","ping_status":"open","template":"","meta":{"footnotes":""},"class_list":["post-72","page","type-page","status-publish","hentry"],"_links":{"self":[{"href":"http:\/\/aquatekdive.fr\/index.php?rest_route=\/wp\/v2\/pages\/72","targetHints":{"allow":["GET"]}}],"collection":[{"href":"http:\/\/aquatekdive.fr\/index.php?rest_route=\/wp\/v2\/pages"}],"about":[{"href":"http:\/\/aquatekdive.fr\/index.php?rest_route=\/wp\/v2\/types\/page"}],"author":[{"embeddable":true,"href":"http:\/\/aquatekdive.fr\/index.php?rest_route=\/wp\/v2\/users\/1"}],"replies":[{"embeddable":true,"href":"http:\/\/aquatekdive.fr\/index.php?rest_route=%2Fwp%2Fv2%2Fcomments&post=72"}],"version-history":[{"count":6,"href":"http:\/\/aquatekdive.fr\/index.php?rest_route=\/wp\/v2\/pages\/72\/revisions"}],"predecessor-version":[{"id":129,"href":"http:\/\/aquatekdive.fr\/index.php?rest_route=\/wp\/v2\/pages\/72\/revisions\/129"}],"wp:attachment":[{"href":"http:\/\/aquatekdive.fr\/index.php?rest_route=%2Fwp%2Fv2%2Fmedia&parent=72"}],"curies":[{"name":"wp","href":"https:\/\/api.w.org\/{rel}","templated":true}]}}